{"id":93,"date":"2024-11-30T02:17:01","date_gmt":"2024-11-30T08:17:01","guid":{"rendered":"http:\/\/104.192.5.70\/wordpress\/?page_id=93"},"modified":"2025-05-16T10:52:07","modified_gmt":"2025-05-16T16:52:07","slug":"mision","status":"publish","type":"page","link":"http:\/\/bibliotecadigitalupn.upnvirtual.edu.mx\/index.php\/mision\/","title":{"rendered":"Misi\u00f3n"},"content":{"rendered":"\t\t<div data-elementor-type=\"wp-page\" data-elementor-id=\"93\" class=\"elementor elementor-93\">\n\t\t\t\t<div class=\"elementor-element elementor-element-d320573 e-flex e-con-boxed e-con e-parent\" data-id=\"d320573\" data-element_type=\"container\">\n\t\t\t\t\t<div class=\"e-con-inner\">\n\t\t\t\t<div class=\"elementor-element elementor-element-5bc0f76 elementor-widget elementor-widget-heading\" data-id=\"5bc0f76\" data-element_type=\"widget\" data-widget_type=\"heading.default\">\n\t\t\t\t<div class=\"elementor-widget-container\">\n\t\t\t\t\t<h2 class=\"elementor-heading-title elementor-size-default\"><a href=\"http:\/\/bibliotecadigitalupn.upnvirtual.edu.mx\">Misi\u00f3n<\/a><\/h2>\t\t\t\t<\/div>\n\t\t\t\t<\/div>\n\t\t\t\t\t<\/div>\n\t\t\t\t<\/div>\n\t\t<div class=\"elementor-element elementor-element-1b8774d e-flex e-con-boxed e-con e-parent\" data-id=\"1b8774d\" data-element_type=\"container\">\n\t\t\t\t\t<div class=\"e-con-inner\">\n\t\t\t\t<div class=\"elementor-element elementor-element-8439f90 elementor-widget elementor-widget-text-editor\" data-id=\"8439f90\" data-element_type=\"widget\" data-widget_type=\"text-editor.default\">\n\t\t\t\t<div class=\"elementor-widget-container\">\n\t\t\t\t\t\t\t\t\t<p style=\"text-align: left;\"><span style=\"font-family: montserrat; color: #303338; font-size: 14pt;\">Brindar acceso a informaci\u00f3n documental y servicios bibliotecarios de manera remota a las unidades y subsedes de la UPN sin l\u00edmites de tiempo ni espacio, controlando los derechos de autor y los derechos de uso para apoyar la formaci\u00f3n acad\u00e9mica al estudiantado y el fortalecimiento de los conocimientos de la planta acad\u00e9mica.\u200b<\/span><\/p>\t\t\t\t\t\t\t\t<\/div>\n\t\t\t\t<\/div>\n\t\t\t\t\t<\/div>\n\t\t\t\t<\/div>\n\t\t\t\t<\/div>\n\t\t","protected":false},"excerpt":{"rendered":"<p>Misi\u00f3n Brindar acceso a informaci\u00f3n documental y servicios bibliotecarios de manera remota a las unidades y subsedes de la UPN sin l\u00edmites de tiempo ni espacio, controlando los derechos de autor y los derechos de uso para apoyar la formaci\u00f3n acad\u00e9mica al estudiantado y el fortalecimiento de los conocimientos de la planta acad\u00e9mica.\u200b<\/p>\n","protected":false},"author":1,"featured_media":0,"parent":0,"menu_order":0,"comment_status":"closed","ping_status":"closed","template":"","meta":{"neve_meta_sidebar":"","neve_meta_container":"","neve_meta_enable_content_width":"","neve_meta_content_width":0,"neve_meta_title_alignment":"","neve_meta_author_avatar":"","neve_post_elements_order":"","neve_meta_disable_header":"","neve_meta_disable_footer":"","neve_meta_disable_title":"","footnotes":""},"class_list":["post-93","page","type-page","status-publish","hentry"],"_links":{"self":[{"href":"http:\/\/bibliotecadigitalupn.upnvirtual.edu.mx\/index.php\/wp-json\/wp\/v2\/pages\/93","targetHints":{"allow":["GET"]}}],"collection":[{"href":"http:\/\/bibliotecadigitalupn.upnvirtual.edu.mx\/index.php\/wp-json\/wp\/v2\/pages"}],"about":[{"href":"http:\/\/bibliotecadigitalupn.upnvirtual.edu.mx\/index.php\/wp-json\/wp\/v2\/types\/page"}],"author":[{"embeddable":true,"href":"http:\/\/bibliotecadigitalupn.upnvirtual.edu.mx\/index.php\/wp-json\/wp\/v2\/users\/1"}],"replies":[{"embeddable":true,"href":"http:\/\/bibliotecadigitalupn.upnvirtual.edu.mx\/index.php\/wp-json\/wp\/v2\/comments?post=93"}],"version-history":[{"count":16,"href":"http:\/\/bibliotecadigitalupn.upnvirtual.edu.mx\/index.php\/wp-json\/wp\/v2\/pages\/93\/revisions"}],"predecessor-version":[{"id":857,"href":"http:\/\/bibliotecadigitalupn.upnvirtual.edu.mx\/index.php\/wp-json\/wp\/v2\/pages\/93\/revisions\/857"}],"wp:attachment":[{"href":"http:\/\/bibliotecadigitalupn.upnvirtual.edu.mx\/index.php\/wp-json\/wp\/v2\/media?parent=93"}],"curies":[{"name":"wp","href":"https:\/\/api.w.org\/{rel}","templated":true}]}}